{"id":437,"date":"2024-07-19T03:43:54","date_gmt":"2024-07-19T03:43:54","guid":{"rendered":"https:\/\/somosdepaz.com\/?page_id=437"},"modified":"2024-08-31T16:00:01","modified_gmt":"2024-08-31T16:00:01","slug":"politica-de-privacidad","status":"publish","type":"page","link":"https:\/\/somosdepaz.com\/home\/politica-de-privacidad\/","title":{"rendered":"Pol\u00edtica de Privacidad"},"content":{"rendered":"\t\t<div data-elementor-type=\"wp-page\" data-elementor-id=\"437\" class=\"elementor elementor-437\" data-elementor-post-type=\"page\">\n\t\t\t\t\t\t<section class=\"elementor-section elementor-top-section elementor-element elementor-element-686766d elementor-section-boxed elementor-section-height-default elementor-section-height-default\" data-id=\"686766d\" data-element_type=\"section\" data-settings=\"{&quot;background_background&quot;:&quot;classic&quot;}\">\n\t\t\t\t\t\t\t<div class=\"elementor-background-overlay\"><\/div>\n\t\t\t\t\t\t\t<div class=\"elementor-container elementor-column-gap-no\">\n\t\t\t\t\t<div class=\"elementor-column elementor-col-100 elementor-top-column elementor-element elementor-element-7c2004c\" data-id=\"7c2004c\" data-element_type=\"column\">\n\t\t\t<div class=\"elementor-widget-wrap elementor-element-populated\">\n\t\t\t\t\t\t<section class=\"elementor-section elementor-inner-section elementor-element elementor-element-af127b7 elementor-section-boxed elementor-section-height-default elementor-section-height-default\" data-id=\"af127b7\" data-element_type=\"section\">\n\t\t\t\t\t\t<div class=\"elementor-container elementor-column-gap-no\">\n\t\t\t\t\t<div class=\"elementor-column elementor-col-100 elementor-inner-column elementor-element elementor-element-6a3f117\" data-id=\"6a3f117\" data-element_type=\"column\">\n\t\t\t<div class=\"elementor-widget-wrap elementor-element-populated\">\n\t\t\t\t\t\t<div class=\"elementor-element elementor-element-958b1ca animated-slow elementor-widget elementor-widget-heading\" data-id=\"958b1ca\" data-element_type=\"widget\" data-settings=\"{&quot;_animation&quot;:&quot;none&quot;}\" data-widget_type=\"heading.default\">\n\t\t\t\t<div class=\"elementor-widget-container\">\n\t\t\t<h2 class=\"elementor-heading-title elementor-size-default\">Pol\u00edtica de Privacidad<div><span style=\"color: var( --e-global-color-text ); background-color: var(--wp--preset--color--base);\"><\/span><\/div><\/h2>\t\t<\/div>\n\t\t\t\t<\/div>\n\t\t\t\t<div class=\"elementor-element elementor-element-098e89e animated-slow elementor-widget-divider--view-line elementor-widget elementor-widget-divider\" data-id=\"098e89e\" data-element_type=\"widget\" data-settings=\"{&quot;_animation&quot;:&quot;none&quot;}\" data-widget_type=\"divider.default\">\n\t\t\t\t<div class=\"elementor-widget-container\">\n\t\t\t\t\t<div class=\"elementor-divider\">\n\t\t\t<span class=\"elementor-divider-separator\">\n\t\t\t\t\t\t<\/span>\n\t\t<\/div>\n\t\t\t\t<\/div>\n\t\t\t\t<\/div>\n\t\t\t\t<div class=\"elementor-element elementor-element-164c45f animated-slow elementor-widget elementor-widget-heading\" data-id=\"164c45f\" data-element_type=\"widget\" data-settings=\"{&quot;_animation&quot;:&quot;none&quot;}\" data-widget_type=\"heading.default\">\n\t\t\t\t<div class=\"elementor-widget-container\">\n\t\t\t<h2 class=\"elementor-heading-title elementor-size-default\">Pol\u00edtica de Privacidad<div><span style=\"color: var( --e-global-color-text ); background-color: var(--wp--preset--color--base);\"><\/span><\/div><\/h2>\t\t<\/div>\n\t\t\t\t<\/div>\n\t\t\t\t<div class=\"elementor-element elementor-element-e625f6f animated-slow elementor-widget elementor-widget-heading\" data-id=\"e625f6f\" data-element_type=\"widget\" data-settings=\"{&quot;_animation&quot;:&quot;none&quot;}\" data-widget_type=\"heading.default\">\n\t\t\t\t<div class=\"elementor-widget-container\">\n\t\t\t<h2 class=\"elementor-heading-title elementor-size-default\">La FUNDACI\u00d3N SOCIAL MENSAJEROS DE PAZ a trav\u00e9s de la p\u00e1gina web www.somosdepaz.com, sus redes y medios de comunicaci\u00f3n realiza tratamiento de datos personales e informaci\u00f3n de titulares en calidad de responsable de las bases de datos a d\u00f3nde son tratados con sujeci\u00f3n a la Ley 1581 de 2012 y decretos reglamentarios.<br><br>Cuando el usuario del portal inserte sus datos personales en cualquier canal dispuesto en el portal para la recolecci\u00f3n de \u00e9stos podr\u00e1 autorizar su tratamiento en caso que le sea pedida la AUTORIZACI\u00d3N EXPRESA, PREVIA E INFORMADA. En algunos canales de recolecci\u00f3n no se le pedir\u00e1 autorizaci\u00f3n para el tratamiento por estar exonerados por Ley 1581 de 2012, art\u00edculo 6 y 10.<br><br>La FUNDACI\u00d3N SOCIAL MENSAJEROS DE PAZ, identificada con el NIT 901432476-16, es una entidad comprometida y responsable con la privacidad y la seguridad de los Datos Personales de sus miembros, asociados, afiliados, contribuyentes, empleados, contratistas y todas las dem\u00e1s personas de las cuales almacena datos personales. La informaci\u00f3n es recolectada en ejercicio de las funciones legalmente establecidas para la entidad, esto es, el desarrollo de su objeto social y actividades conexas y, adicionalmente, en virtud de relaciones legales, comerciales, laborales, entre otras.<br><br>En los t\u00e9rminos de la Ley 1581 de 2012 y el Decreto 1377 de 2013 se adopta la presente Pol\u00edtica de Tratamiento de Datos Personales, la cual es de obligatoria aplicaci\u00f3n en todos los procesos que involucren, total o parcialmente, recolecci\u00f3n, almacenamiento, uso, circulaci\u00f3n, transferencia o transmisi\u00f3n de esa informaci\u00f3n y, en esa medida, todas las personas relacionadas de forma directa o indirecta con esta entidad, y de las cuales est\u00e9n incluidos en la actualidad Datos Personales en sus bases de datos, o que ingresen en el futuro por cualquiera de los medios de recopilaci\u00f3n de informaci\u00f3n que la Fundaci\u00f3n Social Mensajeros de Paz dispone, podr\u00e1n conocer el procedimiento de recolecci\u00f3n, conservaci\u00f3n y tratamiento de los Datos Personales, as\u00ed como los derechos, garant\u00edas, procedimientos y canales de atenci\u00f3n para hacerlos efectivos.<br><br><\/h2>\t\t<\/div>\n\t\t\t\t<\/div>\n\t\t\t\t\t<\/div>\n\t\t<\/div>\n\t\t\t\t\t<\/div>\n\t\t<\/section>\n\t\t\t\t<div class=\"elementor-element elementor-element-3684841 animated-slow elementor-widget elementor-widget-heading\" data-id=\"3684841\" data-element_type=\"widget\" data-settings=\"{&quot;_animation&quot;:&quot;none&quot;}\" data-widget_type=\"heading.default\">\n\t\t\t\t<div class=\"elementor-widget-container\">\n\t\t\t<h2 class=\"elementor-heading-title elementor-size-default\">Violaci\u00f3n de la Pol\u00edtica<\/h2>\t\t<\/div>\n\t\t\t\t<\/div>\n\t\t\t\t<div class=\"elementor-element elementor-element-c3b8a58 animated-slow elementor-widget elementor-widget-heading\" data-id=\"c3b8a58\" data-element_type=\"widget\" data-settings=\"{&quot;_animation&quot;:&quot;none&quot;}\" data-widget_type=\"heading.default\">\n\t\t\t\t<div class=\"elementor-widget-container\">\n\t\t\t<h2 class=\"elementor-heading-title elementor-size-default\">El no cumplimiento de esta pol\u00edtica puede acarrear sanciones desde la restricci\u00f3n a la p\u00e1gina web y acciones disciplinarias o legales dado el caso particular.<\/h2>\t\t<\/div>\n\t\t\t\t<\/div>\n\t\t\t\t<div class=\"elementor-element elementor-element-08436c4 animated-slow elementor-widget elementor-widget-heading\" data-id=\"08436c4\" data-element_type=\"widget\" data-settings=\"{&quot;_animation&quot;:&quot;none&quot;}\" data-widget_type=\"heading.default\">\n\t\t\t\t<div class=\"elementor-widget-container\">\n\t\t\t<h2 class=\"elementor-heading-title elementor-size-default\">Versionamiento y entrada en vigor<\/h2>\t\t<\/div>\n\t\t\t\t<\/div>\n\t\t\t\t<div class=\"elementor-element elementor-element-c81cab9 animated-slow elementor-widget elementor-widget-heading\" data-id=\"c81cab9\" data-element_type=\"widget\" data-settings=\"{&quot;_animation&quot;:&quot;none&quot;}\" data-widget_type=\"heading.default\">\n\t\t\t\t<div class=\"elementor-widget-container\">\n\t\t\t<h2 class=\"elementor-heading-title elementor-size-default\">La presente pol\u00edtica de privacidad y uso tiene la versi\u00f3n No. 1, y se considera que est\u00e1 en vigor a partir del d\u00eda 15 de diciembre de 2020.<\/h2>\t\t<\/div>\n\t\t\t\t<\/div>\n\t\t\t\t<div class=\"elementor-element elementor-element-bdc6310 animated-slow elementor-widget elementor-widget-heading\" data-id=\"bdc6310\" data-element_type=\"widget\" data-settings=\"{&quot;_animation&quot;:&quot;none&quot;}\" data-widget_type=\"heading.default\">\n\t\t\t\t<div class=\"elementor-widget-container\">\n\t\t\t<h2 class=\"elementor-heading-title elementor-size-default\">Aviso de privacidad<\/h2>\t\t<\/div>\n\t\t\t\t<\/div>\n\t\t\t\t<div class=\"elementor-element elementor-element-5e0977b animated-slow elementor-widget elementor-widget-heading\" data-id=\"5e0977b\" data-element_type=\"widget\" data-settings=\"{&quot;_animation&quot;:&quot;none&quot;}\" data-widget_type=\"heading.default\">\n\t\t\t\t<div class=\"elementor-widget-container\">\n\t\t\t<h2 class=\"elementor-heading-title elementor-size-default\">La FUNDACI\u00d3N SOCIAL MENSAJEROS DE PAZ informa a los titulares de datos personales, la existencia de su Pol\u00edtica de tratamiento de datos personales que est\u00e1 y estar\u00e1 visible en la p\u00e1gina web www.somosdepaz.com<br><br>La Fundaci\u00f3n Social Mensajeros de Paz es responsable del tratamiento de los datos personales recolectados a trav\u00e9s de su portal, donde los almacena, procesa y hace uso de estos con la finalidad de:<br><br>(I) Mejorar la experiencia de usuario dentro del portal.<br><br>(II) Mejorar la comunicaci\u00f3n entre la administraci\u00f3n y el ciudadano.<br><br>(III) Circular noticias, boletines de prensa, historias y dem\u00e1s contenidos alrededor de la gesti\u00f3n de la administraci\u00f3n.<br><br>(IV) Optimizar los tr\u00e1mites y servicios que el usuario puede realizar de manera presencial, semipresencial o virtual en la Fundaci\u00f3n Social Mensajeros de Paz.<br><br>(V) Realizar campa\u00f1as comunicativas en diferentes canales de acuerdo con los intereses de navegaci\u00f3n de los usuarios.<br><br>Bajo el rol de responsable del tratamiento de datos personales, la FUNDACI\u00d3N SOCIAL MENSAJEROS DE PAZ podr\u00e1 captar informaci\u00f3n adicional como h\u00e1bitos de uso en el portal sobre el consumo de contenidos, la direcci\u00f3n IP del dispositivo que utiliza, su ubicaci\u00f3n geogr\u00e1fica, informaci\u00f3n de cookies, entre otros.<br><br>El R\u00e9gimen General de Protecci\u00f3n de Datos Personales otorga a sus titulares los siguientes derechos: <br><br>1. Conocer, actualizar y rectificar sus datos personales frente a los responsables del Tratamiento o Encargados del Tratamiento.<br><br>2. Solicitar prueba de la autorizaci\u00f3n otorgada al responsable del Tratamiento salvo cuando expresamente se except\u00fae como requisito para el Tratamiento, de conformidad con lo previsto en el art\u00edculo 10 de la ley 1581 de 2012.<br><br>3. Ser informado por el responsable del tratamiento o el encargado del tratamiento, previa solicitud, respecto del uso que les ha dado a sus datos personales.<br><br>4. Presentar ante la Superintendencia de Industria y Comercio quejas por infracciones a lo dispuesto en la presente ley y las dem\u00e1s normas que la modifiquen, adicionen o complementen.<br><br>5. Revocar la autorizaci\u00f3n y\/o solicitar la supresi\u00f3n del dato cuando en el tratamiento no se respeten los principios, derechos y garant\u00edas constitucionales y legales. La revocatoria y\/o supresi\u00f3n proceder\u00e1 cuando la Superintendencia de Industria y Comercio haya determinado que en el tratamiento, el responsable o encargado han incurrido en conductas contrarias a esta ley y a la Constituci\u00f3n.<br><br>6. Acceder en forma gratuita a sus datos personales que hayan sido objeto de tratamiento.<br><br>Para ejercer cualquiera de sus derechos, el titular de los datos personales podr\u00e1 presentar su solicitud mediante el Formulario de PQRSD.<br><br><\/h2>\t\t<\/div>\n\t\t\t\t<\/div>\n\t\t\t\t\t<\/div>\n\t\t<\/div>\n\t\t\t\t\t<\/div>\n\t\t<\/section>\n\t\t\t\t<\/div>\n\t\t","protected":false},"excerpt":{"rendered":"<p>Pol\u00edtica de Privacidad Pol\u00edtica de Privacidad La FUNDACI\u00d3N SOCIAL MENSAJEROS DE PAZ a trav\u00e9s de la p\u00e1gina web www.somosdepaz.com, sus redes y medios de comunicaci\u00f3n realiza tratamiento de datos personales e informaci\u00f3n de titulares en calidad de responsable de las bases de datos a d\u00f3nde son tratados con sujeci\u00f3n a la Ley 1581 de 2012 [&hellip;]<\/p>\n","protected":false},"author":1,"featured_media":0,"parent":0,"menu_order":0,"comment_status":"closed","ping_status":"open","template":"elementor_header_footer","meta":{"footnotes":""},"class_list":["post-437","page","type-page","status-publish","hentry"],"_links":{"self":[{"href":"https:\/\/somosdepaz.com\/home\/wp-json\/wp\/v2\/pages\/437","targetHints":{"allow":["GET"]}}],"collection":[{"href":"https:\/\/somosdepaz.com\/home\/wp-json\/wp\/v2\/pages"}],"about":[{"href":"https:\/\/somosdepaz.com\/home\/wp-json\/wp\/v2\/types\/page"}],"author":[{"embeddable":true,"href":"https:\/\/somosdepaz.com\/home\/wp-json\/wp\/v2\/users\/1"}],"replies":[{"embeddable":true,"href":"https:\/\/somosdepaz.com\/home\/wp-json\/wp\/v2\/comments?post=437"}],"version-history":[{"count":23,"href":"https:\/\/somosdepaz.com\/home\/wp-json\/wp\/v2\/pages\/437\/revisions"}],"predecessor-version":[{"id":11465,"href":"https:\/\/somosdepaz.com\/home\/wp-json\/wp\/v2\/pages\/437\/revisions\/11465"}],"wp:attachment":[{"href":"https:\/\/somosdepaz.com\/home\/wp-json\/wp\/v2\/media?parent=437"}],"curies":[{"name":"wp","href":"https:\/\/api.w.org\/{rel}","templated":true}]}}